{"id":25,"date":"2023-05-21T10:22:09","date_gmt":"2023-05-21T10:22:09","guid":{"rendered":"http:\/\/www.amaavida.org\/?page_id=25"},"modified":"2023-06-24T10:19:14","modified_gmt":"2023-06-24T10:19:14","slug":"formacoes","status":"publish","type":"page","link":"http:\/\/www.amaavida.org\/index.php\/formacoes\/","title":{"rendered":"Forma\u00e7\u00f5es"},"content":{"rendered":"\n<p class=\"has-text-align-center has-large-font-size\"><strong>Para ajudar na concretiza\u00e7\u00e3o deste Miss\u00e3o a nossa Associa\u00e7\u00e3o e os Leos de Fafe foram realizando v\u00e1rias forma\u00e7\u00f5es em diversas \u00e1reas.<\/strong><\/p>\n\n\n\n<p>Para o Dia Internacional da Paz, 21 de Setembro, o Leo Clube de Fafe proporcionou a realiza\u00e7\u00e3o da Palestra &#8220;<strong>Voluntariado: O Motor da Paz no Mundo<\/strong>&#8220;, com a F\u00e1tima Ribeiro.<\/p>\n\n\n<div class=\"wp-block-image\">\n<figure class=\"aligncenter size-full is-resized\"><img loading=\"lazy\" decoding=\"async\" src=\"http:\/\/www.amaavida.org\/wp-content\/uploads\/2023\/06\/image-6.png\" alt=\"\" class=\"wp-image-427\" width=\"626\" height=\"260\" srcset=\"http:\/\/www.amaavida.org\/wp-content\/uploads\/2023\/06\/image-6.png 886w, http:\/\/www.amaavida.org\/wp-content\/uploads\/2023\/06\/image-6-300x125.png 300w, http:\/\/www.amaavida.org\/wp-content\/uploads\/2023\/06\/image-6-768x320.png 768w\" sizes=\"auto, (max-width: 626px) 100vw, 626px\" \/><\/figure>\n<\/div>\n\n\n<p>No \u00e2mbito do Dia Internacional da N\u00e3o Viol\u00eancia, no passado dia 2 de Setembro de 2020, o Leo Clube de Fafe convidou a Dra. Sofia Peixoto, do Programa UNI+, para a realiza\u00e7\u00e3o de uma Palestra intitulada de <strong>&#8220;AMOR \u00c9 FOGO QUE ARDE SEM SE VER, \u00c9 FERIDA QUE DOI E SE SENTE&#8221;<\/strong>, que aborda a tem\u00e1tica de viol\u00eancia nas rela\u00e7\u00f5es amorosas.<\/p>\n\n\n<div class=\"wp-block-image\">\n<figure class=\"aligncenter size-large is-resized\"><img loading=\"lazy\" decoding=\"async\" src=\"http:\/\/www.amaavida.org\/wp-content\/uploads\/2023\/06\/image-7-723x1024.png\" alt=\"\" class=\"wp-image-430\" width=\"259\" height=\"366\" srcset=\"http:\/\/www.amaavida.org\/wp-content\/uploads\/2023\/06\/image-7-723x1024.png 723w, http:\/\/www.amaavida.org\/wp-content\/uploads\/2023\/06\/image-7-212x300.png 212w, http:\/\/www.amaavida.org\/wp-content\/uploads\/2023\/06\/image-7-768x1087.png 768w, http:\/\/www.amaavida.org\/wp-content\/uploads\/2023\/06\/image-7.png 886w\" sizes=\"auto, (max-width: 259px) 100vw, 259px\" \/><\/figure>\n<\/div>\n\n\n<p><strong>\u201cOBJETIVOS DE DESENVOLVIMENTO SUSTENT\u00c1VEL\u201d<\/strong><\/p>\n\n\n\n<p>A forma\u00e7\u00e3o de agosto teve o tema \u201cObjetivos de Desenvolvimento Sustent\u00e1vel\u201d, pela formadora <a href=\"https:\/\/www.facebook.com\/catarina.quadros.9?__cft__%5b0%5d=AZUZNrNNzgvpCYLlCHZguqTnL0pxbHjTF_Uib8BazKpQYNZUEXzypuhE7eDZuHrzxXD0TDcTSNdM7GPEQalBXx3zBd9vnjc7YrPM60rI-m6eD0GzvrWMOI0p9B8WIa8-3156T4Y0nvCIRRQyLICXq7uF&amp;__tn__=-%5dK-R\"><\/a><\/p>\n\n\n\n<p><a href=\"https:\/\/www.facebook.com\/catarina.quadros.9?__cft__%5b0%5d=AZUZNrNNzgvpCYLlCHZguqTnL0pxbHjTF_Uib8BazKpQYNZUEXzypuhE7eDZuHrzxXD0TDcTSNdM7GPEQalBXx3zBd9vnjc7YrPM60rI-m6eD0GzvrWMOI0p9B8WIa8-3156T4Y0nvCIRRQyLICXq7uF&amp;__tn__=-%5dK-R\">Catarina Quadros<\/a> aonde tivemos oportunidade de aprender um pouco mais sobre a Agenda da Organiza\u00e7\u00e3o das Na\u00e7\u00f5es Unidas para 2030, a operacionaliza\u00e7\u00e3o dos ODS\u2019s na pr\u00e1tica e a sua import\u00e2ncia para o desenvolvimento humano global.<\/p>\n\n\n\n<p>Todos os meses, promovemos uma forma\u00e7\u00e3o dirigida \u00e0 equipa, sob os mais diversos temas, com o objetivo de capacitar, preparar e formar os volunt\u00e1rios para a nossa miss\u00e3o .<\/p>\n\n\n\n<p>\u00a0<\/p>\n\n\n<div class=\"wp-block-image\">\n<figure class=\"aligncenter size-full is-resized\"><img loading=\"lazy\" decoding=\"async\" src=\"http:\/\/www.amaavida.org\/wp-content\/uploads\/2023\/06\/image-8.png\" alt=\"\" class=\"wp-image-431\" width=\"256\" height=\"256\" srcset=\"http:\/\/www.amaavida.org\/wp-content\/uploads\/2023\/06\/image-8.png 886w, http:\/\/www.amaavida.org\/wp-content\/uploads\/2023\/06\/image-8-300x300.png 300w, http:\/\/www.amaavida.org\/wp-content\/uploads\/2023\/06\/image-8-150x150.png 150w, http:\/\/www.amaavida.org\/wp-content\/uploads\/2023\/06\/image-8-768x768.png 768w, http:\/\/www.amaavida.org\/wp-content\/uploads\/2023\/06\/image-8-60x60.png 60w\" sizes=\"auto, (max-width: 256px) 100vw, 256px\" \/><\/figure>\n<\/div>\n\n\n<p><strong>\u201cPELOS CAMINHOS DA ARGENTINA\u201d<\/strong><\/p>\n\n\n\n<p>A forma\u00e7\u00e3o de setembro teve o tema \u201cPelos Caminhos da Argentina\u201d, pelo formador e padre Ant\u00f3nio Leite, onde tivemos oportunidade de aprender sobre a cultura argentina, sobre miss\u00f5es humanit\u00e1rias no pa\u00eds e sobre os valores e compet\u00eancias do mission\u00e1rio.<\/p>\n\n\n\n<p>Todos os meses, promovemos uma forma\u00e7\u00e3o dirigida \u00e0 equipa, sob os mais diversos temas, com o objetivo de capacitar, preparar e formar os volunt\u00e1rios para a nossa miss\u00e3o.<\/p>\n\n\n<div class=\"wp-block-image\">\n<figure class=\"aligncenter size-full is-resized\"><img loading=\"lazy\" decoding=\"async\" src=\"http:\/\/www.amaavida.org\/wp-content\/uploads\/2023\/06\/image-9.png\" alt=\"\" class=\"wp-image-432\" width=\"256\" height=\"256\" srcset=\"http:\/\/www.amaavida.org\/wp-content\/uploads\/2023\/06\/image-9.png 886w, http:\/\/www.amaavida.org\/wp-content\/uploads\/2023\/06\/image-9-300x300.png 300w, http:\/\/www.amaavida.org\/wp-content\/uploads\/2023\/06\/image-9-150x150.png 150w, http:\/\/www.amaavida.org\/wp-content\/uploads\/2023\/06\/image-9-768x768.png 768w, http:\/\/www.amaavida.org\/wp-content\/uploads\/2023\/06\/image-9-60x60.png 60w\" sizes=\"auto, (max-width: 256px) 100vw, 256px\" \/><\/figure>\n<\/div>\n\n\n<p><strong>\u201cComunica\u00e7\u00e3o para a Cria\u00e7\u00e3o de Impacto Social\u201d<\/strong><\/p>\n\n\n\n<p>A forma\u00e7\u00e3o de outubro teve o tema \u201cComunica\u00e7\u00e3o para a Cria\u00e7\u00e3o de Impacto Social\u201d, pela formadora <a href=\"https:\/\/www.facebook.com\/isabelolivatelles\/?__cft__%5b0%5d=AZVx6wHsX9jRqKS9aylgtzzS5KHo3PZaG3n0JE6Az5BWQW4liva75VyB1yvQW-wO8c7abuuUJjnARQQVF1w422kgHu2a1wiPxeei3L6hqMQ4QThrzuKp8FZt7ypNQUZ0YF-bJ53vvOTPrt5vfvJKx7V6&amp;__tn__=kK-R\"><\/a><\/p>\n\n\n\n<p><a href=\"https:\/\/www.facebook.com\/isabelolivatelles\/?__cft__%5b0%5d=AZVx6wHsX9jRqKS9aylgtzzS5KHo3PZaG3n0JE6Az5BWQW4liva75VyB1yvQW-wO8c7abuuUJjnARQQVF1w422kgHu2a1wiPxeei3L6hqMQ4QThrzuKp8FZt7ypNQUZ0YF-bJ53vvOTPrt5vfvJKx7V6&amp;__tn__=kK-R\">Isabel Oliva-Teles<\/a>, onde tivemos oportunidade de aprender sobre o papel da comunica\u00e7\u00e3o na cria\u00e7\u00e3o de impacto social, sobre as diversas ferramentas de comunica\u00e7\u00e3o e como podemos promover um maior envolvimento humano em torno de causas sociais.<\/p>\n\n\n\n<p>Todos os meses, promovemos uma forma\u00e7\u00e3o dirigida \u00e0 equipa, sob os mais diversos temas, com o objetivo de capacitar, preparar e formar os volunt\u00e1rios para a nossa miss\u00e3o.<\/p>\n\n\n\n<p><\/p>\n\n\n<div class=\"wp-block-image\">\n<figure class=\"aligncenter size-full is-resized\"><img loading=\"lazy\" decoding=\"async\" src=\"http:\/\/www.amaavida.org\/wp-content\/uploads\/2023\/06\/image-10.png\" alt=\"\" class=\"wp-image-433\" width=\"256\" height=\"256\" srcset=\"http:\/\/www.amaavida.org\/wp-content\/uploads\/2023\/06\/image-10.png 886w, http:\/\/www.amaavida.org\/wp-content\/uploads\/2023\/06\/image-10-300x300.png 300w, http:\/\/www.amaavida.org\/wp-content\/uploads\/2023\/06\/image-10-150x150.png 150w, http:\/\/www.amaavida.org\/wp-content\/uploads\/2023\/06\/image-10-768x768.png 768w, http:\/\/www.amaavida.org\/wp-content\/uploads\/2023\/06\/image-10-60x60.png 60w\" sizes=\"auto, (max-width: 256px) 100vw, 256px\" \/><\/figure>\n<\/div>\n\n\n<p>No \u00e2mbito do Dia dos Direitos Humanos, o Leo Clube de Fafe convidou a Dra. Sofia Peixoto, do Programa UNI+, para a realiza\u00e7\u00e3o de uma Forma\u00e7\u00e3o Certificada sobre Igualdade de G\u00e9nero intitulada de &#8220;<strong>Defende os teus direitos e vive em igualdade!<\/strong>&#8220;.<\/p>\n\n\n<div class=\"wp-block-image\">\n<figure class=\"aligncenter size-large is-resized\"><img loading=\"lazy\" decoding=\"async\" src=\"http:\/\/www.amaavida.org\/wp-content\/uploads\/2023\/06\/image-11-723x1024.png\" alt=\"\" class=\"wp-image-434\" width=\"256\" height=\"366\"\/><\/figure>\n<\/div>","protected":false},"excerpt":{"rendered":"<p>Para ajudar na concretiza\u00e7\u00e3o deste Miss\u00e3o a nossa Associa\u00e7\u00e3o e os Leos de Fafe foram realizando v\u00e1rias forma\u00e7\u00f5es em diversas \u00e1reas. Para o Dia Internacional da Paz, 21 de Setembro, o Leo Clube de Fafe proporcionou a realiza\u00e7\u00e3o da Palestra &#8220;Voluntariado: O Motor da Paz no Mundo&#8220;, com a F\u00e1tima Ribeiro. No \u00e2mbito do Dia [&hellip;]<\/p>\n","protected":false},"author":1,"featured_media":0,"parent":0,"menu_order":0,"comment_status":"closed","ping_status":"closed","template":"","meta":{"ngg_post_thumbnail":0,"footnotes":""},"class_list":["post-25","page","type-page","status-publish","hentry"],"_links":{"self":[{"href":"http:\/\/www.amaavida.org\/index.php\/wp-json\/wp\/v2\/pages\/25","targetHints":{"allow":["GET"]}}],"collection":[{"href":"http:\/\/www.amaavida.org\/index.php\/wp-json\/wp\/v2\/pages"}],"about":[{"href":"http:\/\/www.amaavida.org\/index.php\/wp-json\/wp\/v2\/types\/page"}],"author":[{"embeddable":true,"href":"http:\/\/www.amaavida.org\/index.php\/wp-json\/wp\/v2\/users\/1"}],"replies":[{"embeddable":true,"href":"http:\/\/www.amaavida.org\/index.php\/wp-json\/wp\/v2\/comments?post=25"}],"version-history":[{"count":4,"href":"http:\/\/www.amaavida.org\/index.php\/wp-json\/wp\/v2\/pages\/25\/revisions"}],"predecessor-version":[{"id":437,"href":"http:\/\/www.amaavida.org\/index.php\/wp-json\/wp\/v2\/pages\/25\/revisions\/437"}],"wp:attachment":[{"href":"http:\/\/www.amaavida.org\/index.php\/wp-json\/wp\/v2\/media?parent=25"}],"curies":[{"name":"wp","href":"https:\/\/api.w.org\/{rel}","templated":true}]}}

Formações

<p class="has-text-align-center has-large-font-size"><strong>Para ajudar na concretização deste Missão a nossa Associação e os Leos de Fafe foram realizando várias formações em diversas áreas.</strong></p>



<p>Para o Dia Internacional da Paz, 21 de Setembro, o Leo Clube de Fafe proporcionou a realização da Palestra &#8220;<strong>Voluntariado: O Motor da Paz no Mundo</strong>&#8220;, com a Fátima Ribeiro.</p>


<div class="wp-block-image">
<figure class="aligncenter size-full is-resized"><img loading="lazy" decoding="async" src="http://www.amaavida.org/wp-content/uploads/2023/06/image-6.png" alt="" class="wp-image-427" width="626" height="260" srcset="http://www.amaavida.org/wp-content/uploads/2023/06/image-6.png 886w, http://www.amaavida.org/wp-content/uploads/2023/06/image-6-300x125.png 300w, http://www.amaavida.org/wp-content/uploads/2023/06/image-6-768x320.png 768w" sizes="auto, (max-width: 626px) 100vw, 626px" /></figure>
</div>


<p>No âmbito do Dia Internacional da Não Violência, no passado dia 2 de Setembro de 2020, o Leo Clube de Fafe convidou a Dra. Sofia Peixoto, do Programa UNI+, para a realização de uma Palestra intitulada de <strong>&#8220;AMOR É FOGO QUE ARDE SEM SE VER, É FERIDA QUE DOI E SE SENTE&#8221;</strong>, que aborda a temática de violência nas relações amorosas.</p>


<div class="wp-block-image">
<figure class="aligncenter size-large is-resized"><img loading="lazy" decoding="async" src="http://www.amaavida.org/wp-content/uploads/2023/06/image-7-723x1024.png" alt="" class="wp-image-430" width="259" height="366" srcset="http://www.amaavida.org/wp-content/uploads/2023/06/image-7-723x1024.png 723w, http://www.amaavida.org/wp-content/uploads/2023/06/image-7-212x300.png 212w, http://www.amaavida.org/wp-content/uploads/2023/06/image-7-768x1087.png 768w, http://www.amaavida.org/wp-content/uploads/2023/06/image-7.png 886w" sizes="auto, (max-width: 259px) 100vw, 259px" /></figure>
</div>


<p><strong>“OBJETIVOS DE DESENVOLVIMENTO SUSTENTÁVEL”</strong></p>



<p>A formação de agosto teve o tema “Objetivos de Desenvolvimento Sustentável”, pela formadora <a href="https://www.facebook.com/catarina.quadros.9?__cft__%5b0%5d=AZUZNrNNzgvpCYLlCHZguqTnL0pxbHjTF_Uib8BazKpQYNZUEXzypuhE7eDZuHrzxXD0TDcTSNdM7GPEQalBXx3zBd9vnjc7YrPM60rI-m6eD0GzvrWMOI0p9B8WIa8-3156T4Y0nvCIRRQyLICXq7uF&amp;__tn__=-%5dK-R"></a></p>



<p><a href="https://www.facebook.com/catarina.quadros.9?__cft__%5b0%5d=AZUZNrNNzgvpCYLlCHZguqTnL0pxbHjTF_Uib8BazKpQYNZUEXzypuhE7eDZuHrzxXD0TDcTSNdM7GPEQalBXx3zBd9vnjc7YrPM60rI-m6eD0GzvrWMOI0p9B8WIa8-3156T4Y0nvCIRRQyLICXq7uF&amp;__tn__=-%5dK-R">Catarina Quadros</a> aonde tivemos oportunidade de aprender um pouco mais sobre a Agenda da Organização das Nações Unidas para 2030, a operacionalização dos ODS’s na prática e a sua importância para o desenvolvimento humano global.</p>



<p>Todos os meses, promovemos uma formação dirigida à equipa, sob os mais diversos temas, com o objetivo de capacitar, preparar e formar os voluntários para a nossa missão .</p>



<p> </p>


<div class="wp-block-image">
<figure class="aligncenter size-full is-resized"><img loading="lazy" decoding="async" src="http://www.amaavida.org/wp-content/uploads/2023/06/image-8.png" alt="" class="wp-image-431" width="256" height="256" srcset="http://www.amaavida.org/wp-content/uploads/2023/06/image-8.png 886w, http://www.amaavida.org/wp-content/uploads/2023/06/image-8-300x300.png 300w, http://www.amaavida.org/wp-content/uploads/2023/06/image-8-150x150.png 150w, http://www.amaavida.org/wp-content/uploads/2023/06/image-8-768x768.png 768w, http://www.amaavida.org/wp-content/uploads/2023/06/image-8-60x60.png 60w" sizes="auto, (max-width: 256px) 100vw, 256px" /></figure>
</div>


<p><strong>“PELOS CAMINHOS DA ARGENTINA”</strong></p>



<p>A formação de setembro teve o tema “Pelos Caminhos da Argentina”, pelo formador e padre António Leite, onde tivemos oportunidade de aprender sobre a cultura argentina, sobre missões humanitárias no país e sobre os valores e competências do missionário.</p>



<p>Todos os meses, promovemos uma formação dirigida à equipa, sob os mais diversos temas, com o objetivo de capacitar, preparar e formar os voluntários para a nossa missão.</p>


<div class="wp-block-image">
<figure class="aligncenter size-full is-resized"><img loading="lazy" decoding="async" src="http://www.amaavida.org/wp-content/uploads/2023/06/image-9.png" alt="" class="wp-image-432" width="256" height="256" srcset="http://www.amaavida.org/wp-content/uploads/2023/06/image-9.png 886w, http://www.amaavida.org/wp-content/uploads/2023/06/image-9-300x300.png 300w, http://www.amaavida.org/wp-content/uploads/2023/06/image-9-150x150.png 150w, http://www.amaavida.org/wp-content/uploads/2023/06/image-9-768x768.png 768w, http://www.amaavida.org/wp-content/uploads/2023/06/image-9-60x60.png 60w" sizes="auto, (max-width: 256px) 100vw, 256px" /></figure>
</div>


<p><strong>“Comunicação para a Criação de Impacto Social”</strong></p>



<p>A formação de outubro teve o tema “Comunicação para a Criação de Impacto Social”, pela formadora <a href="https://www.facebook.com/isabelolivatelles/?__cft__%5b0%5d=AZVx6wHsX9jRqKS9aylgtzzS5KHo3PZaG3n0JE6Az5BWQW4liva75VyB1yvQW-wO8c7abuuUJjnARQQVF1w422kgHu2a1wiPxeei3L6hqMQ4QThrzuKp8FZt7ypNQUZ0YF-bJ53vvOTPrt5vfvJKx7V6&amp;__tn__=kK-R"></a></p>



<p><a href="https://www.facebook.com/isabelolivatelles/?__cft__%5b0%5d=AZVx6wHsX9jRqKS9aylgtzzS5KHo3PZaG3n0JE6Az5BWQW4liva75VyB1yvQW-wO8c7abuuUJjnARQQVF1w422kgHu2a1wiPxeei3L6hqMQ4QThrzuKp8FZt7ypNQUZ0YF-bJ53vvOTPrt5vfvJKx7V6&amp;__tn__=kK-R">Isabel Oliva-Teles</a>, onde tivemos oportunidade de aprender sobre o papel da comunicação na criação de impacto social, sobre as diversas ferramentas de comunicação e como podemos promover um maior envolvimento humano em torno de causas sociais.</p>



<p>Todos os meses, promovemos uma formação dirigida à equipa, sob os mais diversos temas, com o objetivo de capacitar, preparar e formar os voluntários para a nossa missão.</p>



<p></p>


<div class="wp-block-image">
<figure class="aligncenter size-full is-resized"><img loading="lazy" decoding="async" src="http://www.amaavida.org/wp-content/uploads/2023/06/image-10.png" alt="" class="wp-image-433" width="256" height="256" srcset="http://www.amaavida.org/wp-content/uploads/2023/06/image-10.png 886w, http://www.amaavida.org/wp-content/uploads/2023/06/image-10-300x300.png 300w, http://www.amaavida.org/wp-content/uploads/2023/06/image-10-150x150.png 150w, http://www.amaavida.org/wp-content/uploads/2023/06/image-10-768x768.png 768w, http://www.amaavida.org/wp-content/uploads/2023/06/image-10-60x60.png 60w" sizes="auto, (max-width: 256px) 100vw, 256px" /></figure>
</div>


<p>No âmbito do Dia dos Direitos Humanos, o Leo Clube de Fafe convidou a Dra. Sofia Peixoto, do Programa UNI+, para a realização de uma Formação Certificada sobre Igualdade de Género intitulada de &#8220;<strong>Defende os teus direitos e vive em igualdade!</strong>&#8220;.</p>


<div class="wp-block-image">
<figure class="aligncenter size-large is-resized"><img loading="lazy" decoding="async" src="http://www.amaavida.org/wp-content/uploads/2023/06/image-11-723x1024.png" alt="" class="wp-image-434" width="256" height="366"/></figure>
</div>

<p>Para ajudar na concretização deste Missão a nossa Associação e os Leos de Fafe foram realizando várias formações em diversas áreas. Para o Dia Internacional da Paz, 21 de Setembro, o Leo Clube de Fafe proporcionou a realização da Palestra &#8220;Voluntariado: O Motor da Paz no Mundo&#8220;, com a Fátima Ribeiro. No âmbito do Dia [&hellip;]</p>
